/5 + (-6)/30. Let n(v) = -v**2 + 3*v - 3. What is n(f)?
-21
Suppose -y + 2*y - 3*a - 28 = 0, 4*y + 4*a - 112 = 0. Suppose m + y = 8*m. Let n(v) = v**2 - 3*v + 1. Determine n(m).
5
Let i = 5 + -9. Let u be i/6*9/(-3). Suppose f = -0 + u. Let z(d) = -d**3 + 2*d**2 - d - 1. Determine z(f).
-3
Let n(f) = -f + 8. Let y(u) = -11*u. Let i(z) = -7*z + 3*z + 0 + 0. Let c(x) = 7*i(x) - 2*y(x). Let o be c(-1). What is n(o)?
2
Let k(f) = 6*f**2 + 0*f**2 + 7*f**2 - 1 - 24*f**2. What is k(1)?
-12
Let y(n) = n**2 - 7*n + 6. Let o be 4 - 0/(1 - -1). Suppose o*k - 4 = -12. Let h be (30/12)/((-1)/k). What is y(h)?
-4
Suppose 5*w - 2*f = 8, -15 = -5*w - 4*f - 1. Let c(v) = -v - 7. Let k(n) = -n - 3. Let u(o) = w*c(o) - 5*k(o). Give u(-1).
-2
Let j(h) = h + 1. Let r(y) = -y - 4. Let g be r(-4). Suppose 3*n - n = g. Suppose -3*i + 10 = -0*w + w, n = 3*w + 4*i - 5. What is j(w)?
-4
Let d(j) be the first derivative of j**4/4 - 4*j**3/3 - j - 2. What is d(4)?
-1
Let o(k) be the first derivative of k**3/3 + 3*k**2/2 + k + 1. Give o(-4).
5
Let m(g) = 2*g - 3. Let s be 20/30 + (-7)/(-3). Determine m(s).
3
Let u(j) = 11 - 16 + 2 - 4*j. Give u(-2).
5
Suppose -2 = 2*h + 5*y - 0, -14 = -5*h - 3*y. Let v(g) be the first derivative of 3*g**2/2 - 4*g - 1. What is v(h)?
8
Let a be -3 + (-3 - -2 - -3). Let r(u) be the third derivative of -1/24*u**4 + 0*u - 1/6*u**3 + 0 - 1/20*u**5 - u**2. What is r(a)?
-3
Let c = 8 + -13. Let q(j) = -j**2 - 5*j + 1. Let n(b) = 1. Let f(t) = -4*n(t) + q(t). Determine f(c).
-3
Let n = 57 - 53. Let s(a) = a**2 - 8*a + 4. Give s(n).
-12
Let f(j) = 5 + 2 + 10 + 0 - j. Calculate f(0).
17
Suppose 46*m = 43*m + 6. Let t(g) = -6*g - 2. Determine t(m).
-14
Let f(c) = -c - 13. Let m(h) = -h - 9. Let z(b) = -5*f(b) + 7*m(b). What is z(-2)?
6
Let o(i) = 5*i**2 + 3*i + 10. Let m(x) = 4*x**2 + 2*x + 9. Let w(b) = -6*m(b) + 5*o(b). Calculate w(-3).
-4
Suppose -22 = -5*f + 3. Let p(t) = -3 + 4 + 0*t + t**2 + f*t. Let h be p(-2). Let x(j) = j**2 + 3*j - 3. Give x(h).
7
Let a(n) be the third derivative of -n**4/24 - n**3/6 - 7*n**2. Determine a(0).
-1
Suppose 3*j - 17 = -2*a, a + 14 = j + 2*j. Let u(n) = a - 1 - n + 0 + 1. Suppose 2*s + 2 = 4*g, 0 = -4*g + s + 1 + 2. Give u(g).
0
Let q(p) = 2*p**2 - p + 6. Let a(l) = 3*l**2 - 2*l + 5. Let i(g) = 3*a(g) - 2*q(g). Give i(2).
15
Let b(y) be the third derivative of 7*y**4/24 + y**3/6 - 6*y**2. Calculate b(-1).
-6
Let u(n) = -n - 1. Suppose 2*b - 14 = 5*m - 2*b, 0 = 5*b - 5. Let y be ((-3)/(-5))/(m/(-10)). Calculate u(y).
-4
Let q(v) = 5*v - v - 3*v - 6. Suppose -1 = 2*r - 3*h - 17, 0 = -3*h - 6. What is q(r)?
-1
Let z(b) = -b**3 + 2*b**2 + b. Let f be z(2). Let g(o) = -2*o - o**2 + f + o**3 + 0*o + o. Suppose 5 = 4*n + 2*i + 3, -4*n - 3*i = 1. Determine g(n).
4
Let m = 145 - 143. Let j(b) = b - 2. Give j(m).
0
Let q(z) = z**3 - 2*z**2 + 3*z - 1. Let m(v) = v**2 - 9*v + 2. Let i be m(9). Calculate q(i).
5
Let f = -10 - -16. Let p = 11 + -7. Let b(h) = p*h**3 - 5*h**3 + 6*h**2 + 6 + h**3 - h**3. What is b(f)?
6
Let c(r) be the first derivative of 0*r**2 - 1/4*r**4 + 1/3*r**3 + r + 3. Calculate c(1).
1
Let i(l) = 2*l**3 - 3*l**2 - l + 2. Suppose 0*r = -g - 4*r + 14, 5*r - 13 = g. Determine i(g).
4
Let q(z) = -z - z - 2 + 3*z - 1. Determine q(4).
1
Let z = 6 + -3. Suppose 0*w + 5*w + 10 = -5*m, 4*m - 2*w - 10 = 0. Let h(i) = 3 - z + m - i**2. Calculate h(1).
0
Let k(o) = -5 - 2*o - 2 + 0. Let n(s) be the third derivative of -5*s**4/24 + 2*s**3/3 + s**2. Let m be n(2). Determine k(m).
5
Let i(s) = -s**3 - 3*s**2 - 2*s - 1. Let k(y) = -y**3 - 2*y**2 - y. Let d be k(-2). Suppose -4*f - 5*h + d = 1, 2*f + 6 = 4*h. What is i(f)?
-1
Let w(z) = 13*z - 6. Let c(l) = -312*l + 143. Let x(o) = 6*c(o) + 143*w(o). Calculate x(-1).
13
Let s(g) be the third derivative of -g**5/60 - g**4/3 + 7*g**2. What is s(-6)?
12
Let a(y) = -y - 2*y**2 + 4*y**3 - 6 - 4*y**3 + 8*y**2 - y**3. Give a(6).
-12
Let s(q) = -q**3 + q + 1. Suppose -3*g + c = -7 - 5, -4*g - 5*c + 16 = 0. Suppose 2*o = -g*o. What is s(o)?
1
Let r(v) = 7*v**2 + 2*v - 1. Let w(q) = -q**2. Let o(i) = r(i) + 6*w(i). Suppose 0 = p - 0*p - 2. What is o(p)?
7
Let v(k) be the second derivative of -4*k**3/3 + 2*k**2 + k. Let f(t) = t - 1. Let y(j) = -6*f(j) - v(j). Let b be ((-3)/(-6))/((-5)/(-20)). Give y(b).
6
Let m(z) = 5*z + 5. Let h(s) = 4*s + 4. Let i be 30/4*2/(-3). Let k(v) = i*m(v) + 6*h(v). What is k(-5)?
4
Let t(z) = -4*z**2 - 2*z - 1. Suppose 0*q = -5*q - 5. Let c = q - -5. Suppose c - 1 = -3*m. Calculate t(m).
-3
Let y = -2 - -4. Let k(u) = 0 + 2*u - 4*u**2 + 2*u**2 - 4*u + y. What is k(-3)?
-10
Let d(z) be the third derivative of 1/4*z**4 + 2/3*z**3 + 0*z - 2*z**2 + 0. What is d(-3)?
-14
Let j(n) be the first derivative of -6*n - 5/3*n**3 - 1 + 1/4*n**4 + n**2. Suppose -5 = -2*h - v, -15 = -2*h + h + 2*v. Determine j(h).
4
Let f(x) = -x**2 + 1. Suppose -5*z + 9 = -4*z. Suppose z = -3*t - 3. Let r be 0 - (t - -2 - 0). Give f(r).
-3
Suppose 0 = -4*h + h + 12. Let p(x) be the third derivative of -1/24*x**4 + 0 + 0*x - 1/6*x**3 + x**2. What is p(h)?
-5
Suppose m = -2*r, -3*m - 3 = -4*m - r. Suppose -4*j + 8 = -0*j - 2*l, 4*j - 4*l = 8. Let x(p) = 0*p**j + 3*p**2 - 4*p**2 + 6*p. What is x(m)?
0
Let q(u) be the second derivative of -u**3/6 + 2*u**2 - 23*u. Give q(6).
-2
Let j be 6/(-27) - (-22)/18. Let a(c) = -c + j - 2 + 3. Let x be a(5). Let z(k) = -k**2 - 4*k - 2. Give z(x).
1
Let x = -9 - -9. Let y(h) be the third derivative of 0*h - h**2 + x + 1/6*h**3 + 1/60*h**5 + 1/24*h**4. Calculate y(-2).
3
Let k be (-12)/4*1/(-3). Let z(b) = -b + 1. Let c be z(-3). Let h(j) = 4*j**2 + 1. Let f(l) = -4*l**2 - 1. Let m(x) = c*h(x) + 5*f(x). Calculate m(k).
-5
Let s(k) = 6*k - 2. Let o(m) = m - 1. Let l(u) = u**3 + 8*u**2 + 5*u - 10. Let x be l(-7). Let p(g) = x*o(g) - s(g). Give p(-4).
6
Let b(s) be the third derivative of -s**4/24 - s**3/3 - s**2. Let f(x) be the first derivative of b(x). Let k(d) = -d + 3. Let y(o) = 5*f(o) + k(o). Give y(-6).
4
Let i(f) = -f**2 + 14*f + 33. Let g be i(16). Let n(a) = 26*a**2 + a - 1. Determine n(g).
26
Let i(c) = 5 + c**2 - 5 + 7 + 7*c. Calculate i(-5).
-3
Let j(t) = -t**2 + 2*t + 5. Let f be 1 + (0 - 7) - -1. Suppose a + 2*g = -0*g - 1, -6 = 2*g. Let x be (4/f)/((-1)/a). What is j(x)?
-3
Let r(s) be the second derivative of s**2 - 2*s + 1/6*s**3 + 0. Calculate r(-2).
0
Let c(x) be the third derivative of -x**6/120 + x**5/15 + x**4/6 + x**3 + x**2. Let k = -56 - -22. Let p = -29 - k. Calculate c(p).
1
Let i = 101 - 105. Let m(v) = v**2 + 2*v - 4. Give m(i).
4
Suppose 3*x = -5*j - 0 - 10, 0 = -j - 4*x - 2. Let t(p) = p**2. Let a = -7 - -1. Let f(o) = 5*o**2 - 2*o. Let r(b) = a*t(b) + f(b). What is r(j)?
0
Let a(q) = -q**3 - q. Suppose -5*o + 3*o = -6. Suppose 5*x - 35 = 5*i, x + i + 9 = o*x. What is a(x)?
-10
Let u = 31 - -7. Let l(p) = -34 + p**3 + 76 - u. Determine l(0).
4
Let s be -1*(3 - 2)*0. Let p(m) be the second derivative of -3*m - m**2 - 1/6*m**3 + 0. Determine p(s).
-2
Suppose 0*d + 2 = d. Let v(z) = 2 - z - d*z + 1 + 2*z. Let u(l) = -l**2 + 6*l - 4. Let q be u(4). Calculate v(q).
-1
Let g(q) = q**3 - 5*q**2 - q + 1. Let j be g(5). Let m be -1 - (8/2)/j. Let p(i) = -i**3 - i + i + 3 - i**2. Determine p(m).
3
Let f(c) = c**3 + 2*c**2 + 2*c + 1. Let s be f(-1). Suppose -6*r + r = s. Let b(i) = i**3 + i**2 + i + 2. Give b(r).
2
Let x = 22 + 8. Let o be (-12)/(-10)*x/9. Let z(q) = 2*q + 11. Let f(v) = 9*v + 45. Let i(m) = -5*f(m) + 21*z(m). Give i(o).
-6
Let t(b) = -b**3 - 7*b**2 + 7*b - 7. Let q(n) = 4*n**2 - 4*n + 4. Let x(p) = 7*q(p) + 4*t(p). Determine x(-1).
4
Let t be -2*-5*(-4)/(-8). Suppose 12 = -2*f + t*f. Let h(u) = -u - 1. Give h(f).
-5
Let y(j) be the third derivative of -1/60*j**5 + 0*j + 1/8*j**4 + 0 - 2*j**2 + j**3. Determine y(5).
-4
Let q(b) be the second derivative of b**8/6720 + b**7/504 + b**6/240 - b**5/40 + b**4/3 + 2*b. Let y(m) be the third derivative of q(m). What is y(-3)?
6
Let i be (-4)/10 + 1180/(-50). Let y = i + 18. Let z(t) = t - 6. What is z(y)?
-12
Let z be (-5 - -1) + 4 + -1. Let v(h) = 15*h**2 + h. Give v(z).
14
Let q(u) be the third derivative of -u**4/12 - u**3 + u**2. Let t be q(-5). Let l(b) = 6*b - 3 - t*b - b. Give l(3).
0
Let l(y) = -y**3 - 12*y**2 - 13*y - 16. Let m be l(-11). Suppose -2*b + m = 